[INFO] cloning repository https://github.com/maxfridbe/testweb-rs
[INFO] running `Command { std: "git" "-c" "credential.helper=" "-c" "credential.helper=/workspace/cargo-home/bin/git-credential-null" "clone" "--bare" "https://github.com/maxfridbe/testweb-rs" "/workspace/cache/git-repos/https%3A%2F%2Fgithub.com%2Fmaxfridbe%2Ftestweb-rs", kill_on_drop: false }`
[INFO] [stderr] Cloning into bare repository '/workspace/cache/git-repos/https%3A%2F%2Fgithub.com%2Fmaxfridbe%2Ftestweb-rs'...
[INFO] running `Command { std: "git" "rev-parse" "HEAD", kill_on_drop: false }`
[INFO] [stdout] c8c6df72e8dd4fe89b345b93e2ff24bc1870bf0d
[INFO] checking maxfridbe/testweb-rs against master#af3c6e733a40e671550e0f0f5aeecaa13772ba56 for pr-74989
[INFO] running `Command { std: "git" "clone" "/workspace/cache/git-repos/https%3A%2F%2Fgithub.com%2Fmaxfridbe%2Ftestweb-rs" "/workspace/builds/worker-1/source", kill_on_drop: false }`
[INFO] [stderr] Cloning into '/workspace/builds/worker-1/source'...
[INFO] [stderr] done.
[INFO] validating manifest of git repo https://github.com/maxfridbe/testweb-rs on toolchain af3c6e733a40e671550e0f0f5aeecaa13772ba56
[INFO] running `Command { std: "/workspace/cargo-home/bin/cargo" "+af3c6e733a40e671550e0f0f5aeecaa13772ba56" "read-manifest" "--manifest-path" "Cargo.toml", kill_on_drop: false }`
[INFO] started tweaking git repo https://github.com/maxfridbe/testweb-rs
[INFO] finished tweaking git repo https://github.com/maxfridbe/testweb-rs
[INFO] tweaked toml for git repo https://github.com/maxfridbe/testweb-rs written to /workspace/builds/worker-1/source/Cargo.toml
[INFO] crate git repo https://github.com/maxfridbe/testweb-rs already has a lockfile, it will not be regenerated
[INFO] running `Command { std: "/workspace/cargo-home/bin/cargo" "+af3c6e733a40e671550e0f0f5aeecaa13772ba56" "fetch" "--locked" "--manifest-path" "Cargo.toml", kill_on_drop: false }`
[INFO] [stderr] error: the lock file /workspace/builds/worker-1/source/Cargo.lock needs to be updated but --locked was passed to prevent this
[INFO] [stderr] If you want to try to generate the lock file without accessing the network, use the --offline flag.
[INFO] the lockfile is outdated, regenerating it
[INFO] running `Command { std: "/workspace/cargo-home/bin/cargo" "+af3c6e733a40e671550e0f0f5aeecaa13772ba56" "generate-lockfile" "--manifest-path" "Cargo.toml" "-Zno-index-update", kill_on_drop: false }`
[INFO] [stderr]     Blocking waiting for file lock on package cache
[INFO] running `Command { std: "/workspace/cargo-home/bin/cargo" "+af3c6e733a40e671550e0f0f5aeecaa13772ba56" "fetch" "--locked" "--manifest-path" "Cargo.toml", kill_on_drop: false }`
[INFO] [stderr]     Blocking waiting for file lock on package cache
[INFO] running `Command { std: "docker" "create" "-v" "/var/lib/crater-agent-workspace/builds/worker-1/target:/opt/rustwide/target:rw,Z" "-v" "/var/lib/crater-agent-workspace/builds/worker-1/source:/opt/rustwide/workdir:ro,Z" "-v" "/var/lib/crater-agent-workspace/cargo-home:/opt/rustwide/cargo-home:ro,Z" "-v" "/var/lib/crater-agent-workspace/rustup-home:/opt/rustwide/rustup-home:ro,Z" "-e" "SOURCE_DIR=/opt/rustwide/workdir" "-e" "CARGO_TARGET_DIR=/opt/rustwide/target" "-e" "CARGO_HOME=/opt/rustwide/cargo-home" "-e" "RUSTUP_HOME=/opt/rustwide/rustup-home" "-w" "/opt/rustwide/workdir" "-m" "1610612736" "--user" "0:0" "--network" "none" "rustops/crates-build-env@sha256:d92eaeed33fa75130ca1ee6c8a01d1ffb62bac859dfdfb3450e3e5d1c0146529" "/opt/rustwide/cargo-home/bin/cargo" "+af3c6e733a40e671550e0f0f5aeecaa13772ba56" "metadata" "--no-deps" "--format-version=1", kill_on_drop: false }`
[INFO] [stdout] 00db008e47f585acfd75b19389d5f1e1a224395a2af0113f728b190dd04a4f59
[INFO] [stderr] WARNING: Your kernel does not support swap limit capabilities or the cgroup is not mounted. Memory limited without swap.
[INFO] running `Command { std: "docker" "start" "-a" "00db008e47f585acfd75b19389d5f1e1a224395a2af0113f728b190dd04a4f59", kill_on_drop: false }`
[INFO] running `Command { std: "docker" "inspect" "00db008e47f585acfd75b19389d5f1e1a224395a2af0113f728b190dd04a4f59", kill_on_drop: false }`
[INFO] running `Command { std: "docker" "rm" "-f" "00db008e47f585acfd75b19389d5f1e1a224395a2af0113f728b190dd04a4f59", kill_on_drop: false }`
[INFO] [stdout] 00db008e47f585acfd75b19389d5f1e1a224395a2af0113f728b190dd04a4f59
[INFO] running `Command { std: "docker" "create" "-v" "/var/lib/crater-agent-workspace/builds/worker-1/target:/opt/rustwide/target:rw,Z" "-v" "/var/lib/crater-agent-workspace/builds/worker-1/source:/opt/rustwide/workdir:ro,Z" "-v" "/var/lib/crater-agent-workspace/cargo-home:/opt/rustwide/cargo-home:ro,Z" "-v" "/var/lib/crater-agent-workspace/rustup-home:/opt/rustwide/rustup-home:ro,Z" "-e" "SOURCE_DIR=/opt/rustwide/workdir" "-e" "CARGO_TARGET_DIR=/opt/rustwide/target" "-e" "CARGO_INCREMENTAL=0" "-e" "RUST_BACKTRACE=full" "-e" "RUSTFLAGS=--cap-lints=forbid" "-e" "CARGO_HOME=/opt/rustwide/cargo-home" "-e" "RUSTUP_HOME=/opt/rustwide/rustup-home" "-w" "/opt/rustwide/workdir" "-m" "1610612736" "--user" "0:0" "--network" "none" "rustops/crates-build-env@sha256:d92eaeed33fa75130ca1ee6c8a01d1ffb62bac859dfdfb3450e3e5d1c0146529" "/opt/rustwide/cargo-home/bin/cargo" "+af3c6e733a40e671550e0f0f5aeecaa13772ba56" "check" "--frozen" "--all" "--all-targets" "--message-format=json", kill_on_drop: false }`
[INFO] [stderr] WARNING: Your kernel does not support swap limit capabilities or the cgroup is not mounted. Memory limited without swap.
[INFO] [stdout] 822c4dab5080da03cf33a4cd1ff355b13be7cf7abaa45918bb32c5f204fcdf81
[INFO] running `Command { std: "docker" "start" "-a" "822c4dab5080da03cf33a4cd1ff355b13be7cf7abaa45918bb32c5f204fcdf81", kill_on_drop: false }`
[INFO] [stderr]     Checking cfg-if v0.1.10
[INFO] [stderr]    Compiling log v0.4.11
[INFO] [stderr]    Compiling rayon-core v1.8.0
[INFO] [stderr]    Compiling version_check v0.1.5
[INFO] [stderr]     Checking adler32 v1.2.0
[INFO] [stderr]    Compiling bitflags v1.2.1
[INFO] [stderr]    Compiling ryu v1.0.5
[INFO] [stderr]     Checking lzw v0.10.0
[INFO] [stderr]     Checking either v1.6.0
[INFO] [stderr]    Compiling serde_json v1.0.57
[INFO] [stderr]     Checking itoa v0.4.6
[INFO] [stderr]     Checking bytemuck v1.4.1
[INFO] [stderr]     Checking groupable v0.2.0
[INFO] [stderr]    Compiling crossbeam-utils v0.7.2
[INFO] [stderr]    Compiling memoffset v0.5.5
[INFO] [stderr]    Compiling crossbeam-epoch v0.8.2
[INFO] [stderr]    Compiling num-traits v0.2.12
[INFO] [stderr]    Compiling num-integer v0.1.43
[INFO] [stderr]    Compiling rayon v1.4.0
[INFO] [stderr]    Compiling num-rational v0.3.0
[INFO] [stderr]    Compiling num-iter v0.1.41
[INFO] [stderr]     Checking miniz_oxide v0.3.7
[INFO] [stderr]     Checking gif v0.10.3
[INFO] [stderr]     Checking idna v0.1.5
[INFO] [stderr]     Checking crc32fast v1.2.0
[INFO] [stderr]     Checking base64 v0.9.3
[INFO] [stderr]     Checking deflate v0.8.6
[INFO] [stderr]     Checking aho-corasick v0.7.13
[INFO] [stderr]    Compiling unicase v1.4.2
[INFO] [stderr]     Checking log v0.3.9
[INFO] [stderr]     Checking mime v0.2.6
[INFO] [stderr]     Checking mustache v0.9.0
[INFO] [stderr]     Checking tiff v0.5.0
[INFO] [stderr]     Checking png v0.16.7
[INFO] [stderr]     Checking crossbeam-channel v0.4.4
[INFO] [stderr]     Checking url v1.7.2
[INFO] [stderr]     Checking crossbeam-deque v0.7.3
[INFO] [stderr]     Checking regex v1.3.9
[INFO] [stderr]     Checking hyper v0.10.16
[INFO] [stderr]     Checking chrono v0.4.15
[INFO] [stderr]     Checking nickel v0.11.0
[INFO] [stderr]     Checking jpeg-decoder v0.1.20
[INFO] [stderr]     Checking image v0.23.9
[INFO] [stderr]     Checking testweb v0.1.0 (/opt/rustwide/workdir)
[INFO] [stdout] error[E0432]: unresolved import `chrono::UTC`
[INFO] [stdout]  --> src/logger.rs:7:23
[INFO] [stdout]   |
[INFO] [stdout] 7 | use chrono::{DateTime,UTC};
[INFO] [stdout]   |                       ^^^ no `UTC` in the root
[INFO] [stdout] 
[INFO] [stdout] 
[INFO] [stdout] error[E0432]: unresolved import `chrono::UTC`
[INFO] [stdout]  --> src/logger.rs:7:23
[INFO] [stdout]   |
[INFO] [stdout] 7 | use chrono::{DateTime,UTC};
[INFO] [stdout]   |                       ^^^ no `UTC` in the root
[INFO] [stdout] 
[INFO] [stdout] 
[INFO] [stdout] warning: unused import: `GenericImage`
[INFO] [stdout]   --> src/main.rs:13:5
[INFO] [stdout]    |
[INFO] [stdout] 13 |     GenericImage,
[INFO] [stdout]    |     ^^^^^^^^^^^^
[INFO] [stdout]    |
[INFO] [stdout]    = note: `#[warn(unused_imports)]` on by default
[INFO] [stdout] 
[INFO] [stdout] 
[INFO] [stdout] warning: unused import: `Nickel`
[INFO] [stdout]  --> src/logger.rs:2:14
[INFO] [stdout]   |
[INFO] [stdout] 2 | use nickel::{Nickel, Request, Response, Middleware, MiddlewareResult};
[INFO] [stdout]   |              ^^^^^^
[INFO] [stdout] 
[INFO] [stdout] 
[INFO] [stdout] warning: unused import: `GenericImage`
[INFO] [stdout]   --> src/main.rs:13:5
[INFO] [stdout]    |
[INFO] [stdout] 13 |     GenericImage,
[INFO] [stdout]    |     ^^^^^^^^^^^^
[INFO] [stdout]    |
[INFO] [stdout]    = note: `#[warn(unused_imports)]` on by default
[INFO] [stdout] 
[INFO] [stdout] 
[INFO] [stdout] warning: unused import: `Nickel`
[INFO] [stdout]  --> src/logger.rs:2:14
[INFO] [stdout]   |
[INFO] [stdout] 2 | use nickel::{Nickel, Request, Response, Middleware, MiddlewareResult};
[INFO] [stdout]   |              ^^^^^^
[INFO] [stdout] 
[INFO] [stdout] 
[INFO] [stdout] error[E0277]: the trait bound `Person: serde::de::Deserialize<'_>` is not satisfied
[INFO] [stdout]   --> src/main.rs:65:34
[INFO] [stdout]    |
[INFO] [stdout] 65 |         let mut person = request.json_as::<Person>().unwrap();
[INFO] [stdout]    |                                  ^^^^^^^ the trait `serde::de::Deserialize<'_>` is not implemented for `Person`
[INFO] [stdout] 
[INFO] [stdout] 
[INFO] [stdout] error[E0277]: the trait bound `Person: serde::de::Deserialize<'_>` is not satisfied
[INFO] [stdout]   --> src/main.rs:65:34
[INFO] [stdout]    |
[INFO] [stdout] 65 |         let mut person = request.json_as::<Person>().unwrap();
[INFO] [stdout]    |                                  ^^^^^^^ the trait `serde::de::Deserialize<'_>` is not implemented for `Person`
[INFO] [stdout] 
[INFO] [stdout] 
[INFO] [stdout] error: aborting due to 2 previous errors; 2 warnings emitted
[INFO] [stdout] 
[INFO] [stdout] 
[INFO] [stdout] Some errors have detailed explanations: E0277, E0432.
[INFO] [stdout] 
[INFO] [stdout] For more information about an error, try `rustc --explain E0277`.
[INFO] [stdout] 
[INFO] [stdout] error: aborting due to 2 previous errors; 2 warnings emitted
[INFO] [stdout] 
[INFO] [stdout] 
[INFO] [stdout] Some errors have detailed explanations: E0277, E0432.
[INFO] [stdout] 
[INFO] [stdout] For more information about an error, try `rustc --explain E0277`.
[INFO] [stdout] 
[INFO] [stderr] error: could not compile `testweb`.
[INFO] [stderr] 
[INFO] [stderr] To learn more, run the command again with --verbose.
[INFO] [stderr] warning: build failed, waiting for other jobs to finish...
[INFO] [stderr] error: build failed
[INFO] running `Command { std: "docker" "inspect" "822c4dab5080da03cf33a4cd1ff355b13be7cf7abaa45918bb32c5f204fcdf81", kill_on_drop: false }`
[INFO] running `Command { std: "docker" "rm" "-f" "822c4dab5080da03cf33a4cd1ff355b13be7cf7abaa45918bb32c5f204fcdf81", kill_on_drop: false }`
[INFO] [stdout] 822c4dab5080da03cf33a4cd1ff355b13be7cf7abaa45918bb32c5f204fcdf81
